{"id":354,"date":"2015-10-18T22:25:24","date_gmt":"2015-10-18T20:25:24","guid":{"rendered":"https:\/\/roomsafari.de\/test\/?page_id=354"},"modified":"2025-04-03T13:41:30","modified_gmt":"2025-04-03T11:41:30","slug":"impressum","status":"publish","type":"page","link":"https:\/\/roomsafari.de\/shop\/impressum\/","title":{"rendered":"Impressum"},"content":{"rendered":"<div class=\"wpb-content-wrapper\"><p>[vc_row css=&#8220;.vc_custom_1573894402880{background-color: #f2efea !important;}&#8220;][vc_column][vc_empty_space height=&#8220;132px&#8220;][vc_column_text css=&#8220;&#8220;]<\/p>\n<p class=\"p1\" style=\"text-align: left;\"><strong><span style=\"color: #707070;\">Impressum<\/span><\/strong><\/p>\n<p>roomsafari<br \/>\nVertreten durch:<br \/>\nChristine Nogtev<\/p>\n<p>Oberlandstr. 100A<br \/>\nD-12099 Berlin<\/p>\n<p>Telefon: +49 30 44308295<br \/>\nEmail: welcome@roomsafari.com<\/p>\n<p>USt.Id-Nr. DE352191557<\/p>\n<p>&nbsp;<\/p>\n<div class=\"woocommerce woocommerce-gzd woocommerce-gzd-complaints-shortcode\">\n\t\t\t<h3>Alternative Streitbeilegung gem\u00e4\u00df Art. 14 Abs. 1 ODR-VO und \u00a7 36 VSBG:<\/h3>\n\t\nZur Teilnahme an einem Streitbeilegungsverfahren vor einer Verbraucherschlichtungsstelle sind wir nicht verpflichtet und nicht bereit.<\/div>\n<p>&nbsp;<\/p>\n<p>Disclaimer<br \/>\nHaftungshinweis:\u00a0Trotz sorgf\u00e4ltiger inhaltlicher Kontrolle \u00fcbernehmen wir keine Haftung f\u00fcr die Inhalte externer Links.<br \/>\nF\u00fcr den Inhalt der verlinkten Seiten sind ausschlie\u00dflich deren Betreiber verantwortlich.<\/p>\n<p>Verantwortliche:<br \/>\nChristine Nogtev<br \/>\nOberlandstr. 100A<br \/>\nD-12099 Berlin<br \/>\nchristine@roomsafari.com<br \/>\nTelefon +49 (0)30 44308295<br \/>\nSt. Nr. 14\/457\/03995<\/p>\n<p>Verantwortlicher im Sinne des \u00a7 55 Abs. 2 RStV und \u00a7 5 TMG:<br \/>\nChristine Nogtev<br \/>\nOberlandstr. 100A<br \/>\nD-12099 Berlin[\/vc_column_text][vc_empty_space height=&#8220;132px&#8220;][\/vc_column][\/vc_row]<\/p>\n<\/div>","protected":false},"excerpt":{"rendered":"<p>[vc_row css=&#8220;.vc_custom_1573894402880{background-color: #f2efea !important;}&#8220;][vc_column][vc_empty_space height=&#8220;132px&#8220;][vc_column_text css=&#8220;&#8220;] Impressum roomsafari Vertreten durch: Christine Nogtev Oberlandstr. 100A D-12099 Berlin Telefon: +49 30 44308295 Email: welcome@roomsafari.com USt.Id-Nr. DE352191557 &nbsp; &nbsp; Disclaimer Haftungshinweis:\u00a0Trotz sorgf\u00e4ltiger inhaltlicher Kontrolle \u00fcbernehmen wir keine Haftung f\u00fcr die Inhalte externer Links. F\u00fcr den Inhalt der verlinkten Seiten sind ausschlie\u00dflich deren Betreiber verantwortlich. Verantwortliche: Christine Nogtev Oberlandstr. &hellip;<\/p>\n","protected":false},"author":1,"featured_media":0,"parent":0,"menu_order":3,"comment_status":"closed","ping_status":"closed","template":"templates\/page-full.php","meta":{"footnotes":""},"class_list":["post-354","page","type-page","status-publish","hentry"],"post_mailing_queue_ids":[],"_links":{"self":[{"href":"https:\/\/roomsafari.de\/shop\/wp-json\/wp\/v2\/pages\/354","targetHints":{"allow":["GET"]}}],"collection":[{"href":"https:\/\/roomsafari.de\/shop\/wp-json\/wp\/v2\/pages"}],"about":[{"href":"https:\/\/roomsafari.de\/shop\/wp-json\/wp\/v2\/types\/page"}],"author":[{"embeddable":true,"href":"https:\/\/roomsafari.de\/shop\/wp-json\/wp\/v2\/users\/1"}],"replies":[{"embeddable":true,"href":"https:\/\/roomsafari.de\/shop\/wp-json\/wp\/v2\/comments?post=354"}],"version-history":[{"count":11,"href":"https:\/\/roomsafari.de\/shop\/wp-json\/wp\/v2\/pages\/354\/revisions"}],"predecessor-version":[{"id":19813,"href":"https:\/\/roomsafari.de\/shop\/wp-json\/wp\/v2\/pages\/354\/revisions\/19813"}],"wp:attachment":[{"href":"https:\/\/roomsafari.de\/shop\/wp-json\/wp\/v2\/media?parent=354"}],"curies":[{"name":"wp","href":"https:\/\/api.w.org\/{rel}","templated":true}]}}