{"id":162,"date":"2019-01-14T09:40:59","date_gmt":"2019-01-14T08:40:59","guid":{"rendered":"https:\/\/roomsafari.de\/test\/?post_type=product&#038;p=162"},"modified":"2026-04-14T17:14:37","modified_gmt":"2026-04-14T15:14:37","slug":"lucky-clover-schirmstaender","status":"publish","type":"product","link":"https:\/\/roomsafari.de\/shop\/produkt\/lucky-clover-schirmstaender\/","title":{"rendered":"Schirmst\u00e4nder f\u00fcr Pocket- und Regenschirme: LUCKY CLOVER"},"content":{"rendered":"<div class=\"wpb-content-wrapper\"><p>[vc_row][vc_column][vc_column_text]<\/p>\n<p style=\"text-align: justify;\">[\/vc_column_text][\/vc_column][\/vc_row][vc_row][vc_column][vc_column_text]<em>Ausgezeichnet mit dem Designpreis <strong>#Form 2010<\/strong><\/em><\/p>\n<p>Ma\u00dfe: \u00f8 20cm x H 60cm<\/p>\n<p>Material: Metall pulverbeschichtet in wei\u00df oder schwarz, Kunststoff[\/vc_column_text][\/vc_column][\/vc_row]<\/p>\n<\/div>","protected":false},"excerpt":{"rendered":"<p style=\"text-align: justify;\">Der &#8218;Gl\u00fccksklee&#8216; unter den Schirmst\u00e4ndern. Oben bilden die bunten Schleifen vier kleebl\u00e4ttrig-blumige F\u00e4cher f\u00fcr lange Schirme. Aber auch Pocketschirme finden ihren Platz; sie werden einfach mit ihrer Schlaufe an der Spitze eingeh\u00e4ngt. Der\u00a0 Fu\u00df ist robust mit einem standfesten Idealgewicht.<\/p>\n","protected":false},"featured_media":20089,"template":"","meta":[],"product_brand":[],"product_cat":[56],"product_tag":[],"class_list":{"0":"post-162","1":"product","2":"type-product","3":"status-publish","4":"has-post-thumbnail","6":"product_cat-c","8":"first","9":"instock","10":"taxable","11":"shipping-taxable","12":"purchasable","13":"product-type-variable"},"post_mailing_queue_ids":[],"_links":{"self":[{"href":"https:\/\/roomsafari.de\/shop\/wp-json\/wp\/v2\/product\/162","targetHints":{"allow":["GET"]}}],"collection":[{"href":"https:\/\/roomsafari.de\/shop\/wp-json\/wp\/v2\/product"}],"about":[{"href":"https:\/\/roomsafari.de\/shop\/wp-json\/wp\/v2\/types\/product"}],"wp:featuredmedia":[{"embeddable":true,"href":"https:\/\/roomsafari.de\/shop\/wp-json\/wp\/v2\/media\/20089"}],"wp:attachment":[{"href":"https:\/\/roomsafari.de\/shop\/wp-json\/wp\/v2\/media?parent=162"}],"wp:term":[{"taxonomy":"product_brand","embeddable":true,"href":"https:\/\/roomsafari.de\/shop\/wp-json\/wp\/v2\/product_brand?post=162"},{"taxonomy":"product_cat","embeddable":true,"href":"https:\/\/roomsafari.de\/shop\/wp-json\/wp\/v2\/product_cat?post=162"},{"taxonomy":"product_tag","embeddable":true,"href":"https:\/\/roomsafari.de\/shop\/wp-json\/wp\/v2\/product_tag?post=162"}],"curies":[{"name":"wp","href":"https:\/\/api.w.org\/{rel}","templated":true}]}}