{"id":217,"date":"2019-01-02T18:51:43","date_gmt":"2019-01-02T17:51:43","guid":{"rendered":"https:\/\/roomsafari.de\/test\/?post_type=product&#038;p=217"},"modified":"2026-02-04T19:14:13","modified_gmt":"2026-02-04T18:14:13","slug":"cc-haken","status":"publish","type":"product","link":"https:\/\/roomsafari.de\/shop\/produkt\/cc-haken\/","title":{"rendered":"Garderobenhaken und Aufbewahrung f\u00fcr vieles mehr: C+C"},"content":{"rendered":"<div class=\"wpb-content-wrapper\"><p class=\"p1\" style=\"text-align: justify;\"><span class=\"s1\">[vc_row][vc_column][vc_column_text]<\/span><\/p>\n<p class=\"p1\" style=\"text-align: justify;\">Ausgezeichnet mit dem Designpreis<em> <strong>#Form 2011<\/strong><\/em><\/p>\n<p>[\/vc_column_text][\/vc_column][\/vc_row]<\/p>\n<\/div>","protected":false},"excerpt":{"rendered":"<p class=\"p1\" style=\"text-align: justify;\"><span class=\"s1\">Einzeln aufh\u00e4ngen, andocken oder\u00a0verketten&#8230; ein schlichtes Garderobenhaken_Design f\u00fcr Kleidung, M\u00fctzen, Schals, Accessoires, Tassen, K\u00fcchenger\u00e4te, B\u00fcroartikel, Handt\u00fccher&#8230; im Flur, B\u00fcro, Bad, in der K\u00fcche oder im Garten: f\u00fcr alles m\u00f6gliche und\u00a0viele Gelegenheiten.<\/span><\/p>\n<p><em><span class=\"s1\">8 Haken gibt es als Set mit einem Rabatt von 8%.<\/span><\/em><\/p>\n","protected":false},"featured_media":18523,"template":"","meta":[],"product_brand":[],"product_cat":[27],"product_tag":[],"class_list":{"0":"post-217","1":"product","2":"type-product","3":"status-publish","4":"has-post-thumbnail","6":"product_cat-a","8":"first","9":"instock","10":"taxable","11":"shipping-taxable","12":"purchasable","13":"product-type-variable"},"post_mailing_queue_ids":[],"_links":{"self":[{"href":"https:\/\/roomsafari.de\/shop\/wp-json\/wp\/v2\/product\/217","targetHints":{"allow":["GET"]}}],"collection":[{"href":"https:\/\/roomsafari.de\/shop\/wp-json\/wp\/v2\/product"}],"about":[{"href":"https:\/\/roomsafari.de\/shop\/wp-json\/wp\/v2\/types\/product"}],"wp:featuredmedia":[{"embeddable":true,"href":"https:\/\/roomsafari.de\/shop\/wp-json\/wp\/v2\/media\/18523"}],"wp:attachment":[{"href":"https:\/\/roomsafari.de\/shop\/wp-json\/wp\/v2\/media?parent=217"}],"wp:term":[{"taxonomy":"product_brand","embeddable":true,"href":"https:\/\/roomsafari.de\/shop\/wp-json\/wp\/v2\/product_brand?post=217"},{"taxonomy":"product_cat","embeddable":true,"href":"https:\/\/roomsafari.de\/shop\/wp-json\/wp\/v2\/product_cat?post=217"},{"taxonomy":"product_tag","embeddable":true,"href":"https:\/\/roomsafari.de\/shop\/wp-json\/wp\/v2\/product_tag?post=217"}],"curies":[{"name":"wp","href":"https:\/\/api.w.org\/{rel}","templated":true}]}}